hat is the greatest common divisor of 319 and a?
29
Let r(w) = w**2 + 0*w + 9 + 6*w - 2*w. Let v be r(-7). Calculate the highest common divisor of v and 75.
15
Let v(z) = 4*z**2 - 7*z - 9. Let d be v(9). Calculate the greatest common factor of d and 36.
36
Let v(i) = 6*i**2 - i. Let p be v(-1). What is the greatest common divisor of 7 and p?
7
Let y be 2/((-2)/(-2) + 1). Let w be y/(-2 - -3)*1. Calculate the greatest common divisor of w and 1.
1
Let i = 38 - 24. Suppose s - 6*s = 2*o - 5, 2*s - 2 = -5*o. Suppose o = -v + 159 - 47. Calculate the greatest common factor of v and i.
14
Let t(a) = -20*a - 15. Let c be t(-6). Let f(q) = -q**2 + 7*q + 4. Let l be f(7). Suppose 75 = l*g + g. Calculate the highest common factor of g and c.
15
Let a be (20/(2*-1))/(-1). Let f(r) = -135*r - 2. Let m be f(2). Let b be m/(-3) - 6/9. Calculate the highest common factor of b and a.
10
Let u = 1 + 2. Let j(t) = 5*t - 6. Let a(h) = 5*h - 5. Let k(w) = u*j(w) - 4*a(w). Let l be k(-8). Calculate the highest common divisor of l and 28.
14
Let r = -16 - -25. Let t be (9/6)/(r/156). What is the greatest common factor of 52 and t?
26
Let b(p) = -5 + 2*p - p + p**2 + 2*p. Let i be b(-4). Let d be 2 + -2 + i - -10. Calculate the greatest common divisor of 54 and d.
9
Let w(g) = g + 3. Let p be w(-3). Suppose p = 2*r - 7*r. Suppose 5*h + 2*n - 115 - 189 = r, -3*h - 2*n = -184. What is the greatest common divisor of 15 and h?
15
Let t = 351 + -147. Suppose -w = -z + 106, 4*w = -4*z + 6*z - t. Let o be ((-8)/(-10))/(24/660). What is the highest common factor of z and o?
22
Let p be 8/6*(-252)/(-8). Suppose 3*k - 6*d = -5*d + 20, -5*d = -3*k + 28. Calculate the greatest common factor of p and k.
6
Let f = 16 - 10. Let j = 43 - -53. Suppose 66 + j = 3*q. What is the greatest common factor of q and f?
6
Let c = 9 - 6. Suppose -3*s + 52 = -v, c*v + 0*s + s = -156. Let l = v - -241. Calculate the highest common factor of 21 and l.
21
Let s = 101 + -66. What is the highest common factor of 5 and s?
5
Let b be (-5)/(-10) - (-2)/4. Let j = -13 - -21. Calculate the highest common divisor of j and b.
1
Suppose -5*a = -3 - 7. Suppose -a*o + 5*o - 216 = 0. Let f = -28 - -37. What is the greatest common factor of o and f?
9
Suppose 2*w = -3*w + 40. Calculate the highest common factor of w and 8.
8
Suppose 3*v - 6*v + 180 = 0. Let l = -26 + v. Suppose 3*w + 3 = 0, -f = 2*f + 5*w - 148. What is the greatest common divisor of l and f?
17
Suppose 0 = 5*v - 2 - 113. What is the greatest common factor of 69 and v?
23
Let c(w) = 8*w**2 + w. Let b be c(-2). Let y be (12/(-9))/((-4)/b). Let m(j) = 3*j**2 - 7*j - 8. Let k be m(7). Calculate the highest common factor of y and k.
10
Let w be (-12)/(-14)*168/4. Calculate the highest common divisor of w and 24.
12
Let g(b) = -b - 2. Let h be g(-4). Let j(f) = 12*f - 2. Let z be j(h). What is the highest common divisor of z and 33?
11
Suppose -3*o - 9 = 4*j, -j + 6 = -4*o + 2*o. Suppose j = 4*r + 10 - 42. What is the greatest common divisor of r and 24?
8
Let p = 5 - 2. Suppose -12 = -p*w - w. Suppose -w*v = v - 36. Calculate the highest common divisor of 99 and v.
9
Let i(z) = -z**2 + 24*z + 9. Let c be i(19). Calculate the highest common factor of c and 26.
26
Let x(y) = 2*y**2 - 5*y + 2. Let a be x(7). Suppose q + 0*q = 0. Suppose g - 3*g + 52 = q. Calculate the highest common factor of a and g.
13
Suppose -5*v + 3*v = 3*f, -5*f = -2*v + 32. Suppose 0 = 3*i + b - 16, i - 18 = -3*i - 3*b. Calculate the highest common divisor of i and v.
6
Suppose -4*y + 2*y + 6 = 0. Suppose -y*h + 5 = -1. Suppose 2*s + i = -h + 147, 3*s + 2*i - 220 = 0. Calculate the highest common divisor of 14 and s.
14
Let d be (1 - 0)/(4/8). Let a = 25 + -17. What is the highest common divisor of a and d?
2
Let m be (-9)/3*((-57)/9 - -3). Calculate the greatest common divisor of m and 8.
2
Suppose -5*u + 9 = -56. What is the highest common factor of 26 and u?
13
Suppose -2*b - 120 = -5*u, -3*b + 1 = u - 6. Calculate the highest common factor of u and 66.
22
Suppose 0 = -5*w + 14 + 31. Let g be 215/4 - (-1)/4. Calculate the highest common divisor of w and g.
9
Let a(w) = -w**2 - 13*w + 12. Let m be a(-12). Calculate the greatest common divisor of 8 and m.
8
Let x(r) = r**3 - 3*r**2 - 2*r - 1. Let k be x(4). What is the greatest common divisor of k and 56?
7
Let q be (-2)/7 - (-60)/14. Suppose 4*h + 12 = 0, 16 = 2*m - q*h - 6. Calculate the greatest common factor of m and 1.
1
Suppose -25 = -5*y - p, -2*y - 11 = 5*p + 2. Suppose d = -0*d + y. Calculate the highest common divisor of d and 24.
6
Suppose 3*s + 3*b = 5*s + 198, s + b = -104. Let d be 4/6 + s/(-9). Calculate the greatest common factor of d and 84.
12
Let t = 238 + -103. Suppose -3*z - 15 = -4*z. What is the greatest common divisor of t and z?
15
Suppose -4*p + 4 = 2*b - 4, -3*b + 9 = 5*p. Let x be b + (0/1 - 1). Let j be ((-10)/3)/(1/x). Calculate the greatest common divisor of j and 110.
10
Let l(t) = 0*t**2 + 13 - 10*t - t**3 - 8*t**2 - 35 + 23. Let p be l(-7). Suppose y + 0*y - 88 = 0. Calculate the greatest common divisor of p and y.
22
Suppose 2*f - 141 + 45 = 0. Suppose 3*k = k - 26. Let a be -3*(-1 - k/(-3)). What is the greatest common factor of a and f?
16
Suppose -4*i + 3*v + 57 = 0, 4*i - 87 = -v - 2*v. What is the greatest common factor of 2 and i?
2
Let i = 38 + -15. Let s be i - (1 - 0)*2. Let g(j) = -j**2 - 7*j - 7. Let m be g(-5). What is the highest common divisor of m and s?
3
Suppose 0 = 3*l - 4*a - 110, l + a - 23 = 16. Let g be (912/(-32))/(2/(-4)). What is the greatest common factor of l and g?
19
Let l be 6/4 + (-24)/(-16). Calculate the greatest common divisor of 3 and l.
3
Suppose -3*n = -39 + 6. Let u(p) = 4*p + 3. Let g be 1 + 0 + 1 + 0. Let s be u(g). Calculate the greatest common divisor of s and n.
11
Suppose 7*j = 4*j + 45. Suppose 21 + j = 3*d. What is the greatest common divisor of d and 18?
6
Let p = -31 - -62. What is the highest common divisor of p and 155?
31
Let x = 46 + -25. Suppose 3*o + 2*z = 0, -3*o - 3*z + 0*z = 0. Suppose o = -b + 69 + 99. What is the highest common divisor of x and b?
21
Suppose -2*i - i + 12 = 0. Let c(z) = z + 4. Let l be c(i). Calculate the highest common divisor of 1 and l.
1
Let d be (2/4)/(2/12). Suppose d*x + 1 = 16. Calculate the greatest common divisor of 15 and x.
5
Let a = 57 + -46. Calculate the greatest common factor of 22 and a.
11
Let o = 56 + 21. What is the greatest common factor of o and 7?
7
Let f = 11 - 5. Suppose -3*d - 11 - 41 = -h, 0 = 2*h - 2*d - 124. Let g = h - 43. What is the greatest common factor of g and f?
6
Let h = 2 - 2. Suppose 6*i - 3*i - 153 = h. Calculate the highest common factor of 34 and i.
17
Suppose -4 = -x - x. Let w = x - -18. Calculate the highest common factor of 5 and w.
5
Let m = 85 - -35. Calculate the highest common divisor of m and 15.
15
Suppose -4*r - 73 = d, r - 395 = 5*d + 6*r. Let q be 8/6*d/(-6). Calculate the highest common factor of q and 9.
9
Let r be 9/2*6/9. Suppose r + 4 = z. Suppose -f = 9 - 37. What is the greatest common factor of f and z?
7
Suppose 3*f - 15 = -2*f. Let d = f - 0. Suppose -3*r = c, 0*r - 2*r + d*c + 11 = 0. What is the greatest common factor of 5 and r?
1
Suppose 0*x - 154 = -14*x. Calculate the highest common divisor of x and 11.
11
Let s(v) = v**3 - 7*v**2 - 8*v + 6. Let w be s(8). Suppose 3*x = w*x - 36. Calculate the highest common divisor of x and 8.
4
Suppose 48 - 28 = 4*g. Calculate the greatest common factor of g and 45.
5
Suppose -n + 1 = -13. What is the greatest common factor of n and 70?
14
Let k(f) = 2*f - 10. Let v be k(5). Let a = 9 - v. Calculate the highest common factor of 27 and a.
9
Suppose 97 - 9 = 2*z - 4*x, x + 47 = z. Let r(u) = 8*u**2 + 3*u - 1. Let p be r(1). What is the greatest common divisor of z and p?
10
Suppose 16*g - 672 = 10*g. What is the highest common divisor of 42 and g?
14
Suppose -3*i = -0*i + 312. Let d = -72 - i. Suppose -d = -o - o. Calculate the greatest common factor of o and 16.
16
Let u = 2 + 8. Calculate the highest common divisor of 25 and u.
5
Let n = 19 + -9. Let k = -19 + 69. Calculate the highest common factor of n and k.
10
Let z = 21 - 0. What is the highest common factor of z and 14?
7
Suppose -2*v = -v + s - 14, 